Let z(k) = h*d(k) - 5*p(k). Determine z(1).
-10
Let t(q) be the second derivative of 0*q**3 + 0 - 76*q - 3/2*q**2 - 1/4*q**4. Let g(m) = m**3 + 6*m**2 - m - 3. Let c be g(-6). Calculate t(c).
-30
Let b be 0 + (-3)/((-12)/16). Suppose 19 = -b*a + r, 0*r = -a + 3*r - 2. Let x be (2/1 + a)/(0 + -1). Let c(s) = -s**3 + 3*s**2 - s + 2. Determine c(x).
-1
Suppose -o - 2*g - 4 = 0, 45*o + 10 = 50*o + 4*g. Let n(f) be the second derivative of 2*f**2 - 4/3*f**3 + 1/12*f**4 - 3*f + 0. Give n(o).
-8
Let u be (-496)/(-144) + 104/(-234). Let h(q) = -q + 2 - 2. Calculate h(u).
-3
Let y be (-24)/132 + (-92)/(-22). Let x be -1*9/((-18)/y). Let v(f) = 4*f**x - 51 - 12*f + 8*f + 54. What is v(2)?
11
Let r(o) = -o**2 - 6*o + 3. Suppose 7*v - 16 = -v. Suppose -v*y + 4*u = y - 110, 2*u = 8. Suppose -11*w = 2 + y. Give r(w).
11
Let z = -4066 + 4072. Let v(g) be the first derivative of 4*g + z + 1/3*g**3 - g**2. Calculate v(3).
7
Let s(h) = -h**3 - 16*h**2 - h - 13. Let y(x) = -x**3 + 7*x**2 - 24*x + 240. Let b be y(8). Give s(b).
3
Let w be (1 + -3)*9/(-6). Suppose -3*g + 6*g = -4*r + 39, w*r + 36 = 5*g. Let h(i) = -2*i + 3. What is h(g)?
-15
Let b be (-7 + 13 - 6/2) + 0. Suppose -5*z - x + b*x = -31, x - 22 = -5*z. Let d(p) = -p**3 + 5*p**2 + 5. Determine d(z).
5
Let c(g) be the second derivative of g**6/120 - 7*g**5/120 - 5*g**4/24 - 38*g**3 + 243*g. Let z(h) be the second derivative of c(h). What is z(3)?
1
Let t be 2/(-8) - 202/(-8). Let g = 699 - 670. Let i = g - t. Let w(h) = h**3 - 5*h**2 + 5*h. What is w(i)?
4
Let h(x) = 4 - 3 + 15 - x. Let v be (9/(-12))/(2 - (-9)/(-4)). Suppose 0 = -2*i + o - 3, -2*i + v*i = 4*o - 12. Determine h(i).
16
Let q(t) be the first derivative of -11*t**2/2 + 5*t + 2049. Give q(0).
5
Suppose 193 = -k + 198. Let z(o) be the first derivative of -o**4/4 + 5*o**3/3 + 2*o**2 + 4*o + 2. Give z(k).
24
Let c(n) = -2*n + 18. Let z(v) = -v + 7. Suppose 5*i + 7 = -3*u - 0*u, -5*u = -5. Let h(d) = i*c(d) + 5*z(d). Calculate h(4).
-5
Let h(j) = -10*j**3 + 4*j**2 + 10*j - 95. Let o(p) = -7*p**3 + 3*p**2 + 7*p - 64. Let d(z) = -5*h(z) + 7*o(z). Calculate d(0).
27
Let z be 2/(7/(77/2)). Let y(b) = -9*b - z*b + 24*b - 2 - 9*b. Suppose 2*h - 3 - 3 = 0, -4*w = -2*h - 14. Give y(w).
-27
Let c(h) be the first derivative of -h**2/2 - 10*h - 1. Let o(m) be the third derivative of 2*m**4/3 + 55*m**3/6 - 31*m**2 - 2. Let i be o(-4). What is c(i)?
-1
Let y(f) = -80*f**3 - 4*f**2 - f. Let q(n) = -n**3 + 3*n**2 - n - 1. Let s(x) = -q(x) - y(x). What is s(-1)?
-81
Let g(t) be the second derivative of 7*t**5/120 - t**4/6 - t**3/3 + 91*t**2/2 - 20*t. Let j(d) be the second derivative of g(d). Give j(2).
10
Suppose 2*d + 0*d - 2*t = 4, 3*t - 1 = -4*d. Let b(w) = -88*w**3 + 33*w**2 + 2. Let i(c) = -133*c**3 + 52*c**2 + 3. Let q(r) = 11*b(r) - 7*i(r). Give q(d).
-37
Let g(o) = o**3 - 15*o**2 + 12*o - 7. Let v(y) = 2*y**2 - 31*y - 994. Let u be v(-16). Calculate g(u).
-35
Let c be (-39)/((-6)/2) + -1. Let v(l) = 37*l**2 - 6*l + 4. Let b(h) = -6*h**2 - h. Let q(k) = 6*b(k) + v(k). Give q(c).
4
Suppose 14*k - 176 = -92. Let b(x) = -3*x**2 - 6*x - 6. Let w be 2 + (-1)/(4/24). Let u(d) = 4*d**2 + 6*d + 6. Let i(c) = w*u(c) - 5*b(c). What is i(k)?
6
Let h(d) = -6*d**3 - 126*d + 63*d - 1 + 60*d - 2*d**2 - 12*d**3. What is h(-1)?
18
Let m(u) = u**3 + 10*u**2 - 28*u - 22. Suppose 4*n + 16 = -o - 29, -5*o - 9 = 2*n. Calculate m(n).
26
Let h = -36156 - -36152. Let v(w) = -w**3 - 2*w**2 + 4*w + 12. Give v(h).
28
Let q(x) = 38*x + 13*x - 53*x + 4*x + 15. Give q(4).
23
Let w(t) = -t**3 - 8*t**2 - 19*t - 27. Suppose -4*z - 5*i - 73 = -98, 3*z + i = -6. Determine w(z).
-7
Suppose i - 368 = -2*i - 2*c, -2*i + 232 = -2*c. Let q = 130 - i. Let w(p) = p - 9. Calculate w(q).
1
Let x = -48 + 62. Let f(a) = -617 + 433 + 174 - a. Give f(x).
-24
Let a(k) be the first derivative of -3*k**4/4 - 77*k**3/3 - 25*k**2 - 4*k + 750. Calculate a(-25).
-4
Suppose 18*b + 6 = 20*b + 2*m, 5*b - 3*m - 7 = 0. Let q(g) = 1 + 6*g + 3*g + 3*g**2 - 9 - 4*g**b. Give q(8).
0
Let k be (-6 + (25 - 20))/(1*2/(-40)). Let z(c) = -c**2 + 21*c - 9. Calculate z(k).
11
Suppose -2 = -2*s + 26. Let u be 16/(-56) + 46/s + 1. Let f(h) = 2*h - 2 - 6 + 3 + 2. Determine f(u).
5
Suppose -23*f + 275*f + 252 = 0. Let p(v) = -35*v**2 + 2. Give p(f).
-33
Let n(c) be the third derivative of -c**4/12 + 8*c**3/3 + 39195*c**2. Suppose 0*x = -x + 8. Calculate n(x).
0
Let y(r) = 269*r**2 + 259*r**2 + r**3 - 26 - 566*r**2 + r. What is y(38)?
12
Let j(x) = 74555*x**2 - 4 - 74556*x**2 - 6 + 12*x. Give j(11).
1
Suppose 3*t = -t - 5*x + 31, 0 = -3*x + 9. Suppose 17 + 7 = -t*h. Let i(d) = -2*d + 2. What is i(h)?
14
Suppose -3*j = 2*f - 4*f + 13, -5*j = -5*f + 25. Let t be j/(-2)*(3 + (-34)/6). Let w(p) = -2*p + 4. What is w(t)?
12
Let m(n) = -n + 0 - 7 + 16. Suppose 0 = -10*v - 2*v + 72. Determine m(v).
3
Let x(d) be the first derivative of d**3/3 - 5*d**2/2 - 2*d + 2. Let z = -10400 - -10406. Calculate x(z).
4
Suppose x - 4*o + 3 + 3 = 0, -2*o = 2*x - 8. Let c(w) = 10*w + 62. Let j(i) = -9*i - 50. Let p(q) = 4*c(q) + 5*j(q). What is p(x)?
-12
Let d = -1215 - -1213. Let u(p) = 20*p - 9. Determine u(d).
-49
Let y(o) = 4*o + 3. Let f(v) = -10*v - 8. Let w(a) = -5*f(a) - 12*y(a). Calculate w(-18).
-32
Let l(u) = 2*u + 7. Let b = -206 + 268. Let r be (b/10 - 7)*(-15)/2. Determine l(r).
19
Let s(x) = x**3 - 4*x**2 - 3*x + 5. Suppose 0 = -24*y + 39 + 33. Give s(y).
-13
Let n = -1917 - -1899. Let z(q) = -q**3 - 19*q**2 - 17*q + 29. What is z(n)?
11
Let s(h) = h**3 - 23*h**2 - 25*h + 30. Let r be s(24). Let j(v) = 3*v - 24. Let l(d) = -4*d + 25. Let y(b) = r*j(b) + 5*l(b). Determine y(-8).
-3
Let l(z) = -14 - z - 2 - 3*z + 5*z. Suppose -c + 2*d = -30, -2*c = 3*d - 6*d - 61. Suppose -8*w = -24 - c. Give l(w).
-9
Let f be ((-4)/4)/(6/80*148/222). Let c(m) = 2*m**2 + 41*m + 33. What is c(f)?
13
Let m = 4954 + -4937. Let x(l) = -l**2 + 16*l + 27. Give x(m).
10
Let c(h) be the second derivative of -h**7/840 - h**6/120 + h**5/60 - 13*h**3/6 + h**2 + h - 1. Let v(j) be the second derivative of c(j). What is v(-4)?
8
Suppose 0 = -3*j + 53*f - 55*f - 2, 5*f + 5 = -j. Let n(b) be the third derivative of -b**5/60 + 3*b**3 + b**2. Give n(j).
18
Let d(f) = -4*f**2 - 2*f + 1. Let w = 149 - 143. Let r(v) = 7 - 4*v**3 + 2*v + 2*v**3 + 3*v**3 - 6*v**2 - 3*v. Let j be r(w). Give d(j).
-5
Let n(o) = -97690*o + o**3 + 195394*o + o**2 - 97703*o. Suppose 0 = -0*m + 2*m - q - 2, -5*m + q + 8 = 0. Suppose -2*c = 4*l + 6, -2*c = -l + m*l. What is n(l)?
-6
Let p(c) = -18*c + 31. Let i(o) = -o**3 + 3*o**2 + 8*o - 30. Let h be i(3). Let v(y) = 2*y - 3. Let t(x) = h*v(x) - p(x). Give t(4).
11
Suppose -1 = -q + 3*b, 5*b - 4 - 13 = 4*q. Let a(p) = 37*p**3 + 14*p**2 - 53*p + 17. Let g(z) = 6*z**3 + z**2 - 9*z + 1. Let k(i) = a(i) - 6*g(i). Give k(q).
3
Suppose 3*p - 3*z - 516 = 0, 7*z = -3*p + 2*z + 548. Let l = -192 + p. Let r(g) = -g - 21. Determine r(l).
-5
Let x(f) = 4*f**2 + 3*f + 3. Suppose -3*w - 3 = -2*j, 0 = -2*j - 3*w - 40 + 13. Let d(y) = -5*y**2 - 2*y - 5. Let r(t) = j*x(t) - 5*d(t). Give r(8).
7
Let u(d) = -d**3 + 10*d**2 + 2*d + 95. Let z(w) = 3*w**2 + 11. Let o be z(0). What is u(o)?
-4
Let z(y) = 239*y + 3 + 215*y + 245*y + 238*y + 243*y - 1182*y. Suppose 12 = 2*g + 4. Determine z(g).
-5
Let m(i) be the third derivative of -i**6/40 + i**5/60 - i**4/24 - 55*i**3/6 - i**2 + 4*i. Let y(u) be the first derivative of m(u). Determine y(1).
-8
Let s(h) = h - 2. Let u(b) = 9*b**2 + 54*b - 4. Let t be u(-6). Let y be s(t). Let m(l) = -l**3 - 6*l**2 + l - 5. What is m(y)?
-11
Let i(m) = -122*m - 2. Let g(w) = 362*w + 21. Let a(d) = g(d) + 3*i(d). Let q = -12 - -15. Give a(q).
3
Suppose 2*f = -p - 560, -8*f = -5*f - 4*p + 829. Let m = -278 - f. Let t(d) = -d - 1. Let s(g) = 9*g**2 + 3*g + 4. Let o(w) = -s(w) - 4*t(w). Calculate o(m).
-8
Let k = 163 - 87. Let j = -77 + k. Let m(c) = -20*c**3. What is m(j)?
20
Let l(c) be the second derivative of c**7/2520 - c**6/120 - c**5/30 - 6*c**4 - 36*c - 1. Let d(t) be the third derivative of l(t). Calculate d(5).
-9
Let n(d) = -373*d - 351*d - 83 + 728*d + 81. Let w(i) = i**3 - 3*i**2 - i + 2. Let y be w(3). Give n(y).
-6
Let j(w) = 2*w - 63. Let g be j(30). Let z be g/(-5) - 840/150. Let p(m) = m**3 + 4*m**2 - 3*m + 2. Give p(z).